 of w?
7
Suppose 32*f = 36*f + 8*x - 39380, -3*f + 29520 = 3*x. What is the hundreds digit of f?
8
Suppose 2*m = -l - 3, 2*m + 5*l = 4*m + 9. What is the tens digit of m + 4 + (-3 - (-331 - 1))?
3
Let t be ((-70)/(-20))/(1/(-6)). Let o = -21 - t. What is the units digit of 4*6/(-24) - (o + -78)?
7
Let k(j) = -j**3 - 4*j**2 - j + 1. Let i be k(-4). Let p = -62 - -72. Suppose -p*y + i*y + 110 = 0. What is the tens digit of y?
2
Let u = -5405 + 2430. Let f = 4172 + u. What is the hundreds digit of f?
1
Let w(g) = -8*g**3 - 7*g**2 - 20*g - 66. What is the units digit of w(-6)?
0
Suppose 0 = -2*i - 57*i + 177. Let d(m) = -m**2 + m + 1. Let t(u) = -u**2 + 4*u - 7. Let p(f) = -3*d(f) + t(f). What is the units digit of p(i)?
1
Let a be (0 - -2)/2*-8. Let y be (-2)/a + 539/(-28). Let n = 33 - y. What is the units digit of n?
2
Suppose 0 = -10*l + 332*l - 807081 - 8904117. What is the hundreds digit of l?
1
Suppose -18*k + 130 = -5*k. Suppose k*n + 798 = 16*n. What is the tens digit of n?
3
Suppose -34*j + 9072 = -6*j. Suppose -2*z - v = -0*v - 653, -z = v - j. What is the units digit of z?
9
Let n(s) = 171*s + 1720. What is the units digit of n(108)?
8
Suppose 2*r = -4*s + 5*s - 56, -5*s + 289 = -r. Let j be 9/6*(-56)/42. What is the units digit of -10*(s/(-14) + j/(-14))?
0
Suppose -y = -4*h - 5, h + 17*y - 25 = 12*y. Suppose 91*s - 96*s + 1360 = h. What is the hundreds digit of s?
2
Let i = -2523 - -7125. What is the units digit of i?
2
Let k(b) = 499*b + 11517. What is the units digit of k(75)?
2
Let x = 1711 + -1775. Suppose 3*f - 2*p - 173 = 6*f, -16 = 4*p. Let v = f - x. What is the units digit of v?
9
Suppose 22 = 4*c - 3*c - 2*f, -46 = -2*c + 3*f. Suppose 4*v = -4*j + 508, 488 = 4*v - 15*j + 14*j. Let u = v - c. What is the tens digit of u?
9
Let k be (((-4)/6)/1)/(6/9). Let u(o) = 656*o**2 - 4*o. Let v be u(k). Suppose -v = -19*g - 242. What is the units digit of g?
2
Let w be (40/14)/(14/343*7). What is the tens digit of (-1416)/(-20) - (2 - 22/w)?
7
Let p be (-35)/(-21)*(-18)/(-5). Suppose -4*o + p*k = 4*k + 12, -3*k - 12 = 0. What is the units digit of (o/(-3) + -5)/(2/(-9))?
5
Let d(z) = -262*z + 28. Let x be d(11). What is the units digit of (x/(-7))/((-8)/(-28)*1)?
7
Suppose 94*u + 688125 = 169*u. What is the units digit of u?
5
Let p(t) = -t**3 + 7*t**2 - 7*t - 8. Let l be p(5). Let g(v) = -2*v**3 + 15*v**2 + 10. What is the tens digit of g(l)?
5
Let a be (2/(-5))/((-10)/1425). Suppose 85 = n - a. What is the units digit of n?
2
Let n = 3942 + -182. What is the units digit of n?
0
Let y(f) = 14*f + 81. Let m(i) = i - 3. Let h(p) = m(p) - y(p). What is the units digit of h(-12)?
2
Suppose -5*m - 2*x + 4 = 0, -9*m + 4*m - 3*x = -1. Let d(r) = 21 - m*r**2 + 3*r**2 + 6*r**2 + 12*r**2 - r**3 - 19*r. What is the units digit of d(18)?
3
Let n(t) = -6*t - 36. Let y be n(-6). Suppose -25*b + 27*b - 488 = y. What is the hundreds digit of b?
2
Let f(g) = 86*g + g**3 - 62*g + 31*g**2 - 12*g**2 + 21. What is the hundreds digit of f(-15)?
5
Let f(i) = -i**2 - 2*i + 29. Let n be f(0). Let w(j) = 5 + 54*j - n*j - 29*j. What is the units digit of w(-4)?
1
Let r be -72*((-27)/(-6))/9. Let s = r + 44. Suppose -7 = -s*p + 289. What is the tens digit of p?
3
Let g = 6545 - -21324. What is the ten thousands digit of g?
2
Let t(z) = -5*z**3 + 13*z**2 + 49*z + 3. What is the thousands digit of t(-9)?
4
Let w(a) = -1024*a**2 + 23*a + 41. Let y be w(-2). Let t = -2012 - y. What is the tens digit of t?
8
Let z(s) = s**3 + 2*s + 93. Let d be z(0). Let p = 41 + -45. Let c = p + d. What is the tens digit of c?
8
Let n(b) = 28*b**2 + b - 1. Let l(q) = 6*q**2 + 6*q - 13. Let t be l(2). Let s = t - 22. What is the tens digit of n(s)?
2
Let m = -136 - -61. Let q = 182 + m. Let l = q + 18. What is the tens digit of l?
2
Let b(w) = -8*w - 2. Let h be b(-12). Let u = 158 - h. Let l = 176 - u. What is the tens digit of l?
1
Let l(x) = 18*x - 13. Let w be l(2). Let b = w + -13. What is the hundreds digit of (-5 + 0)/b + (-741)/(-6)?
1
Suppose 2*w + 3*w = 10. Suppose -464 = -w*s + 4*m, -s - 2*s + 651 = 3*m. Suppose -10*l + 7*l = -s. What is the tens digit of l?
7
Let z(c) = c**2 + 6*c + 1. Let r be z(-7). Let h = r - 6. Suppose -h*w - 26 = -84. What is the tens digit of w?
2
Suppose 5*h + 13 = 2*r + 49, -2*h - 4*r = 0. Let c(l) = -4*l**2 + 2*l - 2. Let y be c(h). Let n = y + 245. What is the tens digit of n?
1
Suppose -3*g + 1086 = -522. What is the hundreds digit of (-6)/(-4 - (-4 - (-12)/g))?
2
Let n(j) = 8*j**2 - 22*j - 50. Suppose -5*r + u - 62 = 0, -u = -13*r + 17*r + 46. What is the thousands digit of n(r)?
1
Let c(t) = t**2 + 19*t + 879. What is the units digit of c(-79)?
9
Suppose -13*r = -r + 6420. Let f = -309 - r. What is the hundreds digit of f?
2
Suppose 1130 + 8473 = 11*w. Let r = w - 520. What is the hundreds digit of r?
3
Let g be (800/70 + -12)/(2/(-14)). What is the units digit of 923 + -1 + 9 - g/1?
7
Suppose 0 = 3*r + 3*v - 12, 3*r - 23 = -2*v - 6. Suppose -r*t + 42 = -2*t. Suppose -t*u + 236 = -406. What is the units digit of u?
7
Let l(d) = -50*d**3 + 6*d**2 + 77*d + 34. What is the ten thousands digit of l(-8)?
2
Let n(k) = -1499*k - 594. What is the ten thousands digit of n(-16)?
2
Suppose 6 = -2*c + 5*y, 2*c + y = -2*y + 10. Let p(q) = 16*q + 28. What is the tens digit of p(c)?
6
Let s = -2270 + 5397. What is the tens digit of s?
2
Suppose l - 13*l + 2868 = 0. Suppose -24*t = -793 - l. What is the tens digit of t?
4
Let h(v) = 18*v**3 + v**2 - 2*v - 2. Let c(m) = -51*m**3 - 3*m**2 + 7*m + 6. Let o(t) = 3*c(t) + 8*h(t). What is the tens digit of o(-2)?
6
Suppose 5*c - 3*r - 2070 + 128 = 0, 2*c - 783 = -5*r. Suppose 2*j = -3*g + 375, -5*g - c = 3*j - 1013. What is the tens digit of g?
2
Suppose 2 = -2*r, 2*a + 4343 = 2*r + 71299. What is the tens digit of a?
7
Let l = -680 + 1252. Let g = l + -6170. What is the hundreds digit of g/(-45) - (-3)/5?
1
Let f(i) = 3*i**3 + 51*i**2 - 29*i - 25. What is the hundreds digit of f(-13)?
3
Let s = 26 - 36. Let h be 0*(1 + 15/s). Suppose 48 = -h*y + 6*y. What is the units digit of y?
8
Suppose -30*i + 29*i = -3*n - 602, 0 = -2*i + 3*n + 1204. Let w = i - -1004. What is the hundreds digit of w?
6
Suppose 4*l = 3*o - 1201, -2*o = l - o + 295. Let u = l - -966. What is the tens digit of u?
6
Let j = 283 - -1172. What is the tens digit of j?
5
Suppose 31*r = -30*r + 704194 + 132299. What is the tens digit of r?
1
Let i be ((-8)/(-4) - 2) + -8. Let r = i + -111. Let h = 274 + r. What is the hundreds digit of h?
1
Let t = -85 + 55. Let p be 221/195 - (-2)/t*2. What is the units digit of 86*3/9*(p + 2)?
6
Let n(s) = s**3 - 22*s**2 + 15*s + 63. Let o be n(21). Let a = o - -98. What is the units digit of a?
5
Suppose m - 3*y = -4*y + 92, -3*y = -3*m + 246. Suppose 91*r - 6396 = m*r. What is the units digit of r?
9
Let f be 17/((-153)/(-30))*12/10. Suppose -f*w = -l - 787, -391 = -2*w + 3*l - 2*l. What is the units digit of w?
8
Let v = -17547 - -23085. What is the thousands digit of v?
5
What is the units digit of (-1 + -4*803)/((-1 - 3) + 3)?
3
Let m(x) = 72*x**3 - x**2 - 6*x + 4. Let w be m(2). Suppose -w = 9*f + 1839. Let v = f - -465. What is the tens digit of v?
9
Let y be (510/119)/((-2)/(-63)). Let x be 5*(-1)/(20/(-8)). Suppose 5*h = 5*i + 1315, -5*i + y - 658 = -x*h. What is the tens digit of h?
6
Let z(p) = 2*p**2 + 5*p + 8. Let j(u) = u**3 + 3*u**2 - 8*u + 5. Let n be j(-5). Let c = -2 + n. What is the units digit of z(c)?
1
Suppose -5*g - 4309 = 656. What is the units digit of 10/(-20)*(5 + g)?
4
Let m(i) = i**2 + 18*i + 64. Let y be m(-14). What is the tens digit of 3/(((-56)/(-49))/y)?
2
Suppose 4*a - 2 = 38. Suppose 62*n - 432 = 54*n. Suppose -a*p + n = -8*p. What is the units digit of p?
7
Let s(j) = -j**3 - 8*j**2 + 23*j + 36. Let i be s(-10). Suppose i*t = -8*t + 910. What is the tens digit of t?
6
Suppose -3*p + 0*p + 156 = 0. Let x = p - 19. Suppose 0 = -4*d + 79 + x. What is the units digit of d?
8
Suppose -7*a = -126 + 42. Suppose -a*x - 7*x = -15181. What is the tens digit of x?
9
Let q = 61 + -59. Suppose -4*s = 7*d - q*d - 3150, 2*s = 0. Suppose -4*o - n = -0*o - 622, -4*o - 5*n + d = 0. What is the tens digit of o?
5
Let g(w) = 10*w**2 + 9*w + 15. Let d(a) = -a**3 - 14*a**2 - 4*a - 30. Let y be